3*g + 0 = 3. Let l be x(g). Suppose -l*q + 43 = -853. What is the hundreds digit of q?
1
Suppose 5*c - 96*o + 94*o - 68218 = 0, -40942 = -3*c + 4*o. What is the hundreds digit of c?
6
Suppose -4*x = 7*k - 57878, -x + 679 + 13792 = 2*k. What is the units digit of x?
9
Suppose 6*y + 11 - 95 = 0. What is the tens digit of ((-3172)/(-91))/(4/y)*3?
6
Suppose 11*w + 642 = 2*h + 7*w, 3*w - 927 = -3*h. Let t = -10 - -82. Suppose 7*p - h = t. What is the units digit of p?
5
Let i = -114 - -399. Let m = 125 + i. What is the hundreds digit of m?
4
Let p(j) = -94*j - 3. Let l(o) = -194*o - 6. Let h(r) = 2*l(r) - 5*p(r). What is the units digit of h(7)?
7
Suppose -5*l = 5*k - 63855, -53*l + 52*l - 5*k + 12763 = 0. What is the units digit of l?
3
Let c be (2/9)/(13/117). Let h be c + 2*(-1 - (-45)/6). Suppose 2*z - 2*s - 339 = -h, -5*s = 3*z - 518. What is the tens digit of z?
6
What is the tens digit of ((-578691)/15)/(-3) + ((-486)/(-45))/9?
6
Let p(k) = k**2 - 3*k + 3. Let d be p(0). Suppose -3*x = 3*j + 4 - 73, -d*j - 4*x + 74 = 0. Suppose 0 = -5*h + 147 + j. What is the tens digit of h?
3
Suppose -11*g + 6*g + 3611 = 4*o, 0 = -3*g - 2*o + 2169. What is the hundreds digit of g?
7
Let v(f) = 186*f - 98*f + 9*f**2 + f**3 - 94*f - 16. Let i = -2 + -3. What is the units digit of v(i)?
4
Suppose -240*u = 35923 - 592003. What is the tens digit of u?
1
Suppose -15 = -62*u + 59*u, -3*u - 31265 = -4*o. What is the thousands digit of o?
7
Let k(w) = -w**2 + w. Let c(o) = 68*o**2 - 3*o + 2. Let t(n) = c(n) + 3*k(n). Let s be -1*((-3)/(-2))/(3/(-2)). What is the tens digit of t(s)?
6
Let v(y) = y**2 - y - 33. Let p(f) = -8*f**3 + f**2 - 4*f + 3. Let h be p(1). What is the tens digit of v(h)?
3
Suppose 4*a + v - 660 = 92, a - 203 = -4*v. Let f = 125 - a. Let x = 88 + f. What is the units digit of x?
6
Let v(b) = -17*b + 69. Let r(a) = -8*a + 35. Let k(j) = -11*r(j) + 6*v(j). What is the units digit of k(-10)?
9
Let a(y) = 3 + 2023*y**2 + 7*y - 2024*y**2 + 16*y. Let t be a(23). What is the units digit of (2/6)/((9/t)/306)?
4
Suppose 7*u + 54 - 110 = 0. Suppose u*c = 6*c - 100. Let d = c + 79. What is the tens digit of d?
2
Let g = 72353 + -33417. What is the hundreds digit of g?
9
Suppose -3*m + 83400 = -3*j, -4*m + 162*j + 111192 = 159*j. What is the hundreds digit of m?
7
Let p(s) = 7*s**3 - 90*s**2 + 7*s + 35. What is the thousands digit of p(17)?
8
What is the ten thousands digit of (-12)/(-10)*14616530/822?
2
Suppose 89*u - 85*u = -5*g + 5332, 2*u + 2*g - 2664 = 0. What is the hundreds digit of u?
3
Suppose 28*t - 24*t - 8060 = -2*b, 4050 = b - 2*t. Suppose 4*l + b = 14*l. What is the tens digit of l?
0
Let o be (-10)/4*(-20)/2. Suppose z = 1, c + 10 = 2*c - 5*z. Suppose c*t + o = 20*t. What is the units digit of t?
5
Suppose -6662*x = -6646*x - 929360. What is the units digit of x?
5
Let v(m) = 58*m + 74. Let o be v(-5). Let t = -177 - o. What is the units digit of t?
9
Let l = -225 + -717. What is the units digit of (l/15)/((-24)/60)?
7
Let q(h) = -1. Let k(m) = -6*m - 68. Let p(b) = -k(b) - 2*q(b). Let o(f) = f + 14. Let s(v) = 11*o(v) - 2*p(v). What is the units digit of s(3)?
1
Let u be (-2 - 1) + (-46)/(-2). Let s = 25 - u. Suppose 107 = -0*c + c + 4*p, -s*c - 3*p = -603. What is the units digit of c?
3
Let o(u) = 3*u - 8. Let b be o(10). Let m(r) be the third derivative of -r**5/60 + r**4 + 16*r**3/3 + 7*r**2. What is the units digit of m(b)?
6
Let o(h) be the second derivative of h**5/10 + 5*h**4/2 - 5*h**3/6 - 21*h**2/2 - 63*h. What is the units digit of o(-14)?
1
Suppose y + 14*y - 15945 = 0. Suppose -3*b + w = -y, 4*b + 0*w - 5*w = 1421. What is the hundreds digit of b?
3
Let o be ((-42)/9)/((-16)/6 + 2). Let c(k) = 9*k**2 - 26*k - 3. What is the hundreds digit of c(o)?
2
Let u be -2 - (-1971)/117 - (-4)/26. Let r(l) = 26*l + 91. What is the units digit of r(u)?
1
Let h be 1/5 + 3/(30/58). Let a be 28/h - 60/(-45). What is the units digit of ((a/(-4))/3)/((-3)/126)?
1
Suppose 0 = 24*j + 170 - 2. Let n(u) = u**3 + 14*u**2 + 20*u + 25. What is the tens digit of n(j)?
2
Suppose -3*z + 27 = d, -12*z - 331 = -8*d - 13*z. What is the tens digit of d?
4
Let x = 10644 - 2867. What is the hundreds digit of x?
7
Let y(h) = h**2 + 13*h - 167. What is the units digit of y(-24)?
7
Suppose -8*t = -4*t + 2*q - 48992, -3*t + 4*q = -36733. What is the thousands digit of t?
2
Suppose 89 = -a + 85, 8310 = t + 2*a. What is the thousands digit of t?
8
Let v(h) = 39*h**2 + 58*h + 801. What is the hundreds digit of v(-11)?
8
Suppose 0 = 2*g + 16*g - 10296. Suppose n = -n + 2*h + g, 4*n - 1153 = -5*h. What is the tens digit of n?
8
Let h be (5 + -3)/2 + 5464 - -2. Suppose -8*t = -15*t + h. What is the hundreds digit of t?
7
Let j(k) = 175*k**2 - 140*k + 44. What is the ten thousands digit of j(-10)?
1
Let m(n) = 4*n**3 - 23*n**2 + n - 70. What is the ten thousands digit of m(17)?
1
Suppose 36*c + 41861 = 141077. Suppose -q - 407 = -h - 1327, c = 3*q - h. What is the units digit of q?
8
Let a(o) = -11*o + 8*o - 21*o**2 - 34 + o**3 - 12*o. Let m be a(22). What is the units digit of -4 + m + (-2 - -5)?
9
Let r = 15 + 22. Suppose 560*g = 548*g - 60. Let c = r + g. What is the units digit of c?
2
Let w = -9281 - -25607. What is the units digit of w?
6
Let b(n) = 12*n + 175. Let a be b(-10). Suppose 25304 = a*p - 7696. What is the units digit of p?
0
Let q(a) = -a**3 + 60*a**2 + 330*a + 28. What is the thousands digit of q(47)?
4
Let o(m) = 3401*m + 4532. What is the thousands digit of o(11)?
1
Let x(f) = 7*f**2 - f + 2. Let l(k) = -2*k**3 + k**2. Let y be l(3). Let c be y/12 - (1/4 + 0). What is the hundreds digit of x(c)?
1
Suppose 2*f = -0*f + 5*i - 223, 0 = 4*f + 3*i + 433. Let v = 379 + f. What is the hundreds digit of v?
2
Let v(t) = 1 + 0 + 6 + 6*t - 2. Let g be v(-2). What is the tens digit of (-6)/(-4)*((-8540)/15)/g?
2
Let q(r) = 26*r + 816. Let c(i) = 13*i + 408. Let a(g) = 5*c(g) - 2*q(g). What is the tens digit of a(0)?
0
Suppose 0*w = -l + 4*w - 6, 4 = 2*w. Suppose 2264 = l*j - 2*o, -27*j - 5*o = -24*j - 3436. What is the tens digit of j?
3
Let j(p) be the third derivative of -7*p**4/24 + 7*p**3/6 - 12*p**2. Let f be j(-6). Suppose -r + f = -12. What is the tens digit of r?
6
Let f = 19409 - -52552. What is the units digit of f?
1
Let g = -55 - -55. Suppose g = -5*p + d + 1429, 1254 = 3*p - 3*d + 387. Let n = p - 104. What is the hundreds digit of n?
1
Suppose -130*z + 39893 = -127*z - 5*a, 2*a = -3*z + 39844. What is the thousands digit of z?
3
Let j(z) = z**2 + 15*z + 2. Let w be j(-15). Suppose d - 6 = -5*s, -s + 0 - w = d. Suppose -s*y = -78 + 6. What is the tens digit of y?
3
Suppose 4*w = 1208 - 356. Suppose w*k = 218*k - 2410. What is the hundreds digit of k?
4
Let c(f) = 33*f**2 - 1027*f + 60 + 990*f - f**3 - 53 + 126. What is the tens digit of c(31)?
0
Let k = 1168 - 2067. Let h = -628 - k. What is the tens digit of h?
7
Suppose 4*y - 2*f = 24 + 30, y + f = 21. Let b be y/20*(-20)/(-8). Suppose -u = -b*d + 213, 5*u = 5*d - d - 441. What is the tens digit of d?
0
Suppose 275088 = 5*r + b, -70 = -3*b - 76. What is the units digit of r?
8
Let j(h) = h**3 + 3*h**2 - 5*h - 3. Let c be j(-3). Suppose 8*u = -4*u. Suppose c*t - 16*t + 424 = u. What is the tens digit of t?
0
Let s(q) be the first derivative of -271*q**2/2 + 755. Let b be (-4)/22 + (-18)/22. What is the units digit of s(b)?
1
Suppose 4*r + 3391 = -49*z + 50*z, -3*r = 4*z - 13564. What is the tens digit of z?
9
Let c(l) = -35*l - 28. Let q(f) = 36*f + 27. Let y(i) = -6*c(i) - 7*q(i). What is the tens digit of y(-11)?
4
Let y be 8*3/18*3/1. Let j be -2 + (y + 2)*(-3)/(-9). Suppose 5*x - 90 - 35 = j. What is the units digit of x?
5
Suppose -58*w = -202*w - 37418 + 940010. What is the tens digit of w?
6
Let p be ((-14)/(-10) + 1)/(18/120). Suppose 0 = -2*b - u - 0*u + p, -3*u = 5*b - 39. Let s(m) = m**3 - 10*m**2 + 8*m + 17. What is the units digit of s(b)?
8
Let l(f) = -16*f - 11. Let a(g) = 32*g + 23. Suppose 11 + 19 = 5*x. Let s(d) = x*a(d) + 13*l(d). What is the units digit of s(-5)?
5
Suppose 0 = -5*l, -4*o + 2*l = -2*l - 132. Let m = -40 + o. Let w(h) = h**2 + 8*h + 16. What is the units digit of w(m)?
9
Suppose 26*s = -472 + 7518. Let c = 94 + -25. Let w = s - c. What is the units digit of w?
